{"id":218,"date":"2022-06-24T12:12:43","date_gmt":"2022-06-24T15:12:43","guid":{"rendered":"lightskyblue-goldfish-488616.hostingersite.com?page_id=218"},"modified":"2022-06-28T11:59:29","modified_gmt":"2022-06-28T14:59:29","slug":"empresas-que-fiz-cursos-e-seus-enderecos","status":"publish","type":"page","link":"https:\/\/carloslopes.programandosolucoes.com.br\/index.php\/empresas-que-fiz-cursos-e-seus-enderecos\/","title":{"rendered":"WebSite das certifica\u00e7\u00f5es"},"content":{"rendered":"\n<p>Curso LPI 1,2 e 3 na howtoonline com cupom :<\/p>\n\n\n\n<p><a href=\"https:\/\/br-linux.org\/2017\/01\/pacote-preparatorio-lpic12-e-3-300-por-r20000.html\" target=\"_blank\" rel=\"noreferrer noopener\">https:\/\/br-linux.org\/2017\/01\/pacote-preparatorio-lpic12-e-3-300-por-r20000.html<\/a><\/p>\n\n\n\n<p><a href=\"https:\/\/ead.howtoonline.com.br\/\" target=\"_blank\" rel=\"noreferrer noopener\">https:\/\/ead.howtoonline.com.br\/<\/a><\/p>\n\n\n\n<p>Curso LPI 1,2 e 3 e aplica\u00e7\u00f5es na certificacaolinux<\/p>\n\n\n\n<p><a href=\"https:\/\/www.certificacaolinux.com.br\/matricular\/\" target=\"_blank\" rel=\"noreferrer noopener\" title=\"\">https:\/\/www.certificacaolinux.com.br\/<\/a><\/p>\n\n\n\n<p>Cursos de seguran\u00e7a da informa\u00e7\u00e3o desecsecurity <\/p>\n\n\n\n<p><a href=\"https:\/\/desecsecurity.com\/academy\/\" title=\"\">https:\/\/desecsecurity.com<\/a><\/p>\n\n\n\n<p>P\u00f3s gradua\u00e7\u00e3o e MBA na playbook<\/p>\n\n\n\n<p><a href=\"https:\/\/bookplay.com.br\/login\/\">https:\/\/bookplay.com.br\/<\/a><\/p>\n\n\n\n<p>LPI 1 , ID: LPI000323803 em lpi.org<\/p>\n\n\n\n<p><a href=\"https:\/\/www.lpi.org\/\">https:\/\/www.lpi.org\/<\/a><\/p>\n\n\n\n<p>Barracuda <\/p>\n\n\n\n<p><a href=\"https:\/\/campus.barracuda.com\/\">https:\/\/campus.barracuda.com\/<\/a><\/p>\n\n\n\n<p>Qualys <\/p>\n\n\n\n<p><a href=\"https:\/\/www.qualys.com\/training\/\" target=\"_blank\" rel=\"noreferrer noopener\" title=\"\">https:\/\/www.qualys.com\/<\/a><\/p>\n\n\n\n<p>Hotsmart<\/p>\n\n\n\n<p><a href=\"https:\/\/hotmart.com\/pt-br\" target=\"_blank\" rel=\"noreferrer noopener\">https:\/\/hotmart.com\/<\/a><\/p>\n\n\n\n<p>Udemy<\/p>\n\n\n\n<p><a href=\"https:\/\/www.udemy.com\/user\/39a08c12-b26a-4ffa-b626-ed5a7090523f\/\">https:\/\/www.udemy.com<\/a><\/p>\n\n\n\n<p>Eduonix <\/p>\n\n\n\n<p><a href=\"https:\/\/www.eduonix.com\/dashboard\" target=\"_blank\" rel=\"noreferrer noopener\" title=\"\">https:\/\/www.eduonix.com\/<\/a><\/p>\n\n\n\n<p>EDX<\/p>\n\n\n\n<p><a href=\"https:\/\/courses.edx.org\/\">https:\/\/courses.edx.org\/<\/a><\/p>\n\n\n\n<p>4Linux<\/p>\n\n\n\n<p><a href=\"https:\/\/aia.4linux.com.br\/my\/\">https:\/\/aia.4linux.com.br<\/a><\/p>\n\n\n\n<p>Academy Estabil<\/p>\n\n\n\n<p><a href=\"https:\/\/academy.estabil.is\/\">https:\/\/academy.estabil.is\/<\/a><\/p>\n\n\n\n<p>Cisco netacademy<\/p>\n\n\n\n<p><a href=\"https:\/\/www.netacad.com\/portal\/learning\">https:\/\/www.netacad.com\/portal\/learning<\/a><\/p>\n\n\n\n<p>eadccna<\/p>\n\n\n\n<p><a href=\"http:\/\/www.eadccna.com.br\/cursos.php\" target=\"_blank\" rel=\"noreferrer noopener\">http:\/\/www.eadccna.com.br<\/a><\/p>\n\n\n\n<p>PackPub<\/p>\n\n\n\n<p><a href=\"https:\/\/www.packtpub.com\/\">https:\/\/www.packtpub.com\/<\/a><\/p>\n","protected":false},"excerpt":{"rendered":"<p>Curso LPI 1,2 e 3 na howtoonline com cupom : https:\/\/br-linux.org\/2017\/01\/pacote-preparatorio-lpic12-e-3-300-por-r20000.html https:\/\/ead.howtoonline.com.br\/ Curso LPI 1,2 e 3 e aplica\u00e7\u00f5es na certificacaolinux https:\/\/www.certificacaolinux.com.br\/ Cursos de seguran\u00e7a da informa\u00e7\u00e3o desecsecurity https:\/\/desecsecurity.com P\u00f3s gradua\u00e7\u00e3o e MBA na playbook https:\/\/bookplay.com.br\/ LPI 1 , ID: LPI000323803 em lpi.org https:\/\/www.lpi.org\/ Barracuda https:\/\/campus.barracuda.com\/ Qualys https:\/\/www.qualys.com\/ Hotsmart https:\/\/hotmart.com\/ Udemy https:\/\/www.udemy.com Eduonix https:\/\/www.eduonix.com\/ EDX [&hellip;]<\/p>\n","protected":false},"author":1,"featured_media":0,"parent":0,"menu_order":0,"comment_status":"closed","ping_status":"closed","template":"","meta":{"footnotes":""},"class_list":["post-218","page","type-page","status-publish","hentry"],"translation":{"provider":"WPGlobus","version":"3.0.2","language":"en","enabled_languages":["en","br","it"],"languages":{"en":{"title":true,"content":true,"excerpt":false},"br":{"title":false,"content":false,"excerpt":false},"it":{"title":false,"content":false,"excerpt":false}}},"_links":{"self":[{"href":"https:\/\/carloslopes.programandosolucoes.com.br\/index.php\/wp-json\/wp\/v2\/pages\/218","targetHints":{"allow":["GET"]}}],"collection":[{"href":"https:\/\/carloslopes.programandosolucoes.com.br\/index.php\/wp-json\/wp\/v2\/pages"}],"about":[{"href":"https:\/\/carloslopes.programandosolucoes.com.br\/index.php\/wp-json\/wp\/v2\/types\/page"}],"author":[{"embeddable":true,"href":"https:\/\/carloslopes.programandosolucoes.com.br\/index.php\/wp-json\/wp\/v2\/users\/1"}],"replies":[{"embeddable":true,"href":"https:\/\/carloslopes.programandosolucoes.com.br\/index.php\/wp-json\/wp\/v2\/comments?post=218"}],"version-history":[{"count":18,"href":"https:\/\/carloslopes.programandosolucoes.com.br\/index.php\/wp-json\/wp\/v2\/pages\/218\/revisions"}],"predecessor-version":[{"id":371,"href":"https:\/\/carloslopes.programandosolucoes.com.br\/index.php\/wp-json\/wp\/v2\/pages\/218\/revisions\/371"}],"wp:attachment":[{"href":"https:\/\/carloslopes.programandosolucoes.com.br\/index.php\/wp-json\/wp\/v2\/media?parent=218"}],"curies":[{"name":"wp","href":"https:\/\/api.w.org\/{rel}","templated":true}]}}